prime factors of p.
31
Let b be (-48)/21 + (-2)/(-7). Let d = 50 - b. List the prime factors of d.
2, 13
Let v = 38 + -34. Suppose -v*g - 2*y + 120 = 0, -g = 2*y - 38 + 11. List the prime factors of g.
31
Let q be 6/(33/9 - 3). Let a(r) = 5 + 1 - 4*r - 3*r + r**2. List the prime factors of a(q).
2, 3
Let z be (-4740)/(-50)*10/4 - 1. What are the prime factors of (1*(2 - 0))/(4/z)?
2, 59
Let y = 161 - 101. Suppose 0 = 6*n - n - y. List the prime factors of n/(-20) + 564/15.
37
Suppose -89154 = -54*n - 31914. List the prime factors of n.
2, 5, 53
Let y(z) = z**3 - 7*z**2 - 10*z + 7. Let r be y(8). Let a = r - -34. Let g = 52 - a. What are the prime factors of g?
3
Suppose 201 = r - 73. What are the prime factors of r?
2, 137
Suppose -b - 52 = -3*b. Let r(m) = 3*m + 3. Let u be r(-5). Let t = u + b. What are the prime factors of t?
2, 7
Let l be 24/(-42) + 248/(-7). Let t = l + 68. Let f = -11 + t. List the prime factors of f.
3, 7
Suppose 0 = 10*g - 7*g - 18. Let d be g*(-1 + 8/6). Suppose -q = d*f - 5 - 7, -f - 4*q - 8 = 0. What are the prime factors of f?
2
Let u(v) = 12*v**2 + 7*v - 7. List the prime factors of u(7).
2, 3, 5, 7
Let q = -16 + 21. Suppose q*a - 367 = 3*f, 2*a + 5*f = 74 + 48. List the prime factors of a.
71
List the prime factors of (24 + 5409)*5/15.
1811
Let s(x) = 8*x - 13. Let q be s(2). List the prime factors of 4/(q + (-82)/28).
2, 7
List the prime factors of (-7476)/(-105)*5/2.
2, 89
Let v be -1*(-4 + 3 + 1). Let b(x) = x**2 + x + 10. Let f be b(v). Suppose 0 = 2*y - f - 12. List the prime factors of y.
11
Let d = 567 + -297. Let a = -119 + d. What are the prime factors of a?
151
Let i = 13 - 10. Let k(w) = -3*w**2 + 9*w**2 - 11*w**2 - w**i. List the prime factors of k(-6).
2, 3
Let j(h) = -6 - 73*h - 5 + 17 - 7. List the prime factors of j(-3).
2, 109
Let m(i) = -i. Let a = -15 + 10. Let f be m(a). Suppose 5*o + 12 = 2*o, -j - f*o = 4. What are the prime factors of j?
2
Let b(p) = p**3 + 8*p**2 + 5*p - 7. Let n be b(-5). Suppose -5*z = 5, -4*w - z + 61 = -2*w. Let o = n - w. What are the prime factors of o?
2, 3
List the prime factors of -469*(2/(-3))/((-8)/(-12)).
7, 67
Let b(l) = 8*l**2 - 72*l - 6. What are the prime factors of b(21)?
2, 3, 5, 67
Let u(w) = 3*w + 27. Let b be (5 - 1)*(-3)/(-2). What are the prime factors of u(b)?
3, 5
Suppose 5*p - 277 = 2178. List the prime factors of p.
491
Let b(d) = d + 25. Let f(j) = 19*j + 7. Let w be f(-2). Let q = 31 + w. List the prime factors of b(q).
5
Let h(a) = a**3 - 3*a**2 - 4*a - 5. Let y be h(4). Let q be (-15)/(-6)*(-42)/y. List the prime factors of 7/(q/18) + 1.
7
Suppose 38141 = -23*y + 121424. List the prime factors of y.
3, 17, 71
Suppose 5*y = 5*n - 55, 0 = 3*n - y - 32 + 3. Let x = n + 153. List the prime factors of x.
2, 3
Let h = 97 - -76. List the prime factors of h.
173
Let k = -68 + 107. Suppose -3*v = -4*i + 78, 0 = -0*v + 5*v + 4*i + 130. Let z = k + v. What are the prime factors of z?
13
Let q be (7/((-175)/(-15)))/(2/10). Suppose 5*k + 82 = u, -2*k = -q*u - 2*u + 525. What are the prime factors of u?
107
Suppose -119 - 460 = -3*i. What are the prime factors of i?
193
Let f be -3*4/(-36)*27. Suppose 3*v + 3*o - 156 = 0, 5*o + 16 = -f. What are the prime factors of v?
3, 19
Let u(m) = -3*m - 1. Let g(t) = 4*t. Let f be g(3). Let q = 10 - f. List the prime factors of u(q).
5
Let u(g) = 3*g**3 + 6*g**2 + 6*g + 6. Let r(q) = 4*q**3 + 6*q**2 + 7*q + 6. Let o(s) = -2*r(s) + 3*u(s). What are the prime factors of o(-4)?
2, 11
Let g = 11 + -8. Suppose -g*b + 9 = -0*b. Let p = 6 - b. What are the prime factors of p?
3
Let p be 0 + 3 + -3 + 5. Suppose -3*n = -p*n. Suppose -5*d = 3*w - 95, 3*w + n*d - 2*d - 88 = 0. What are the prime factors of w?
2, 3, 5
Let d be (1 - 0) + 0 + 3. Suppose s + 4*p = -58, -d*s - 41 = 3*p + 139. What are the prime factors of (-12)/s + (-514)/(-14)?
37
Let p(b) = b**3 + 6*b**2 - 19*b + 6. Let g be p(-8). What are the prime factors of g/4*44/66?
5
List the prime factors of 268686/(-132)*8/(-6).
2, 23, 59
Let w(g) = -g + 11. Let b be w(9). Suppose -5*h = -3*d - 6 - 3, 3*h - 13 = -b*d. Suppose l = -d, 144 = 4*v - 0*l - 2*l. What are the prime factors of v?
5, 7
Let t = 3 - 0. Suppose -r = -2*r + t. Suppose 0 = -r*f, 0 = 3*w - 2*w - 5*f - 25. List the prime factors of w.
5
Let w = -4 - 31. Let m = 62 + w. List the prime factors of m.
3
Let g be (-944)/(-28) - 6/(-21). What are the prime factors of g + (2 - 6 - 0)?
2, 3, 5
Let g = -124 - -230. What are the prime factors of g?
2, 53
Let k = 7655 + -2746. List the prime factors of k.
4909
Let z = 1063 + -592. List the prime factors of z.
3, 157
Let d(h) = 7*h**3 - 3*h**2 - 8*h + 13. List the prime factors of d(3).
151
Let a = 784 - 152. List the prime factors of a.
2, 79
Suppose 7*d = 17*d - 370. List the prime factors of d.
37
Let s be 400/(-6) - (-4)/48*-4. Let l = s + 73. What are the prime factors of l?
2, 3
Suppose -3*i + 3054 = 5*b, b = i - 62 + 676. What are the prime factors of b?
2, 3, 17
Suppose -x + 5*f = 3*x + 51, 0 = -2*x - 3*f - 9. Let n = x - -135. What are the prime factors of n?
2, 3, 7
Let c be ((-12)/10)/((-4)/10). Suppose -4*y = c*y. Suppose f = n - 0*f - 31, n + 4*f - 16 = y. What are the prime factors of n?
2, 7
Suppose 4*w + 1160 = 2*s, 5*s = -4*w + 1747 + 1083. List the prime factors of s.
2, 3, 5, 19
Let f be -6 + 3 + (-6)/(-2). Suppose f = 5*m + 5, -5*v + m - 405 = -1406. Suppose -v = -8*x + 3*x. List the prime factors of x.
2, 5
Suppose -5*r + 28 = -4*a - 8, 3*a = 3*r - 24. Let c(s) = -9 + s**2 + s - 1 + 2. What are the prime factors of c(r)?
2, 3
Suppose -2*j = 2*f - 656, 4*j - 7*j = 5*f - 974. What are the prime factors of j?
3, 37
Suppose 110 - 566 = -2*c. List the prime factors of c.
2, 3, 19
Suppose 0*m - 3*m + 39 = 0. Suppose u + m = -15. What are the prime factors of (-2)/(-7) + (-636)/u?
23
Let r = 27 - 24. Suppose -c - 160 = -r*z - 6*c, -2*z + 3*c = -113. What are the prime factors of z?
5, 11
Let s(w) = 27*w - 83. List the prime factors of s(21).
2, 11
Suppose 0 = -k - 3*j + 292, -4*k + 5*j = 10*j - 1133. Suppose -k = -5*i + 2*i - 5*s, -2*i = 3*s - 186. List the prime factors of i.
3, 11
Let t(q) = 29*q + 9. Suppose -3*o + 22 = -2*r - 0*r, -3*r = 15. List the prime factors of t(o).
5
Suppose 0 = -3*f - g - 90, -g - 2*g = 0. Let d = -54 - f. Let p = 54 + d. What are the prime factors of p?
2, 3, 5
Suppose 17*o - 12*o - 5 = 0. Let z(c) = 130*c**2 + c - 2. List the prime factors of z(o).
3, 43
Let m be -2*(-4)/(3 + 1). Suppose 0 = -l - 1 + 3, -m*t + 34 = -4*l. What are the prime factors of t?
3, 7
Let z(u) = 3*u + 7. Let b be z(-11). Let a = b - -31. List the prime factors of (-1)/a - (-183)/15.
2, 3
Suppose 22*a - 21*a = -1. Let w = a - 4. Let u(x) = -4*x - 12. List the prime factors of u(w).
2
Suppose 0 = -9*r + 6*r + 645. Suppose 2*p - 256 = -3*d, 5*d + 3*p = 211 + r. What are the prime factors of d?
2, 3, 7
Let x(p) = 8*p + 1982. List the prime factors of x(0).
2, 991
Suppose 5*q + 218 = 3*k, -478 + 68 = -5*k - q. Suppose -601 = -5*u - k. What are the prime factors of u?
2, 13
Let h = 790 - 411. What are the prime factors of h?
379
Let j = 3619 - 1244. What are the prime factors of j?
5, 19
Suppose 4*i = -5*w + 18 - 7, 0 = -2*i - w + 7. Suppose t = -4*n + 236, -n + i*t + 59 = 3*t. Suppose -3*o - v = -n, -3*v - 4 = -2*v. List the prime factors of o.
3, 7
Suppose 0 = -3*x + 20 - 5. Suppose c = 2*u + 12, -2*c = -u - c - 8. Let q = x - u. What are the prime factors of q?
3
Suppose -17*v = -25*v + 80. Suppose -3*o + v*o - 336 = 0. What are the prime factors of o?
2, 3
Let f(i) = i**3 + 4*i**2 + 2*i - 2. Let s be (-3 - 0) + 3/3. Let z be f(s). Suppose 6*k = -t + z*k - 15, 0 = -4*k - 20. List the prime factors of t.
5
Let r(v) = 32*v - 6. Let f be r(3). Suppose -22*h + 20*h = -f. List the prime factors of h.
3, 5
Suppose -12 = -9*z + 6. Suppose 0*u - 613 = -5*f - u, -z*u - 373 = -3*f. List the prime factors of f.
3, 41
Let v(s) = -2*s**2 + 42*s + 3. Let c be ((-18)/3)/(4/(-12)*1). List the prime factors of v(c).
3, 37
Let t = -82 - -87. Suppose 66 = 3*d - t*v, 2*d - 4*d + 4*v = -44. What are the prime factors of d?
2, 11
Let y(i) = -2*i + 3. Let n be y(0). Suppose 2*o - 5*o = 5*p - 27, -n*p - 3*o = -15. Suppose -u = -p*u + 15. List the prime factors of u.
3
